{"id":156,"date":"2017-02-16T11:30:24","date_gmt":"2017-02-16T11:30:24","guid":{"rendered":"https:\/\/xml-io.proteusthemes.com\/medicpress\/?page_id=156"},"modified":"2023-07-16T17:50:58","modified_gmt":"2023-07-16T17:50:58","slug":"optician","status":"publish","type":"page","link":"https:\/\/pflegeteam-silberspatz.de\/?page_id=156","title":{"rendered":"Betreuungs- und Entlastungsleistungen"},"content":{"rendered":"<div id=\"pl-156\"  class=\"panel-layout\" ><div id=\"pg-156-0\"  class=\"panel-grid panel-no-style\" ><div id=\"pgc-156-0-0\"  class=\"panel-grid-cell\" ><div id=\"panel-156-0-0-0\" class=\"so-panel widget widget_sow-editor panel-first-child panel-last-child\" data-index=\"0\" ><div\n\t\t\t\n\t\t\tclass=\"so-widget-sow-editor so-widget-sow-editor-base\"\n\t\t\t\n\t\t>\n<div class=\"siteorigin-widget-tinymce textwidget\">\n\t<p><strong>Betreuungs - und Entlastungsleistungen<\/strong><\/p>\n<p>Wir stehen Ihnen auch \u00fcber einen l\u00e4ngeren Zeitraum zur Seite. Ganz gleich, welche Art von Unterst\u00fctzung oder Betreuung Sie ben\u00f6tigen, wir sind f\u00fcr Sie da.<\/p>\n<p>Immer stehen dabei Ihre W\u00fcnsche und die Entlastung der pflegenden Familienmitglieder im Mittelpunkt. Unsere Leistungen sind individuell auf Ihre Bed\u00fcrfnisse abgestimmt und sind eine<br \/>\nideale Erg\u00e4nzung zu Ihrem Alters- oder Pflegeheim.<\/p>\n<p>Wer kommt zu Ihnen?<\/p>\n<p>Unsere Betreuungskr\u00e4fte sind aus unserer Region und zeichnen sich durch<br \/>\nZuverl\u00e4ssigkeit und Herzlichkeit aus. Alle Mitarbeiter sind nach einem Qualit\u00e4tsstandard geschult, der nur bei Pflegeteam Silberspatz zu finden ist. Wir wollen, dass Sie sich bei uns wohl und<br \/>\numsorgt f\u00fchlen. Nehmen Sie Kontakt mit uns auf.<\/p>\n<p>Wir stehen Ihnen gerne zur Verf\u00fcgung.<\/p>\n<\/div>\n<\/div><\/div><\/div><\/div><div id=\"pg-156-1\"  class=\"panel-grid panel-no-style\" ><div id=\"pgc-156-1-0\"  class=\"panel-grid-cell\" ><div id=\"panel-156-1-0-0\" class=\"so-panel widget widget_sow-editor panel-first-child panel-last-child\" data-index=\"1\" ><div\n\t\t\t\n\t\t\tclass=\"so-widget-sow-editor so-widget-sow-editor-base\"\n\t\t\t\n\t\t>\n<div class=\"siteorigin-widget-tinymce textwidget\">\n\t<p><img fetchpriority=\"high\" fetchpriority=\"high\" decoding=\"async\" class=\"alignnone  wp-image-1050\" src=\"https:\/\/pflegeteam-silberspatz.de\/wp-content\/uploads\/2023\/06\/Betreuungs-EntlastungsleistungPS-300x150.png\" alt=\"\" width=\"634\" height=\"317\" srcset=\"https:\/\/pflegeteam-silberspatz.de\/wp-content\/uploads\/2023\/06\/Betreuungs-EntlastungsleistungPS-300x150.png 300w, https:\/\/pflegeteam-silberspatz.de\/wp-content\/uploads\/2023\/06\/Betreuungs-EntlastungsleistungPS-768x384.png 768w, https:\/\/pflegeteam-silberspatz.de\/wp-content\/uploads\/2023\/06\/Betreuungs-EntlastungsleistungPS-350x175.png 350w, https:\/\/pflegeteam-silberspatz.de\/wp-content\/uploads\/2023\/06\/Betreuungs-EntlastungsleistungPS.png 860w\" sizes=\"(max-width: 634px) 100vw, 634px\" \/><\/p>\n<\/div>\n<\/div><\/div><\/div><\/div><div id=\"pg-156-2\"  class=\"panel-grid panel-no-style\" ><div id=\"pgc-156-2-0\"  class=\"panel-grid-cell\" ><div id=\"panel-156-2-0-0\" class=\"so-panel widget widget_sow-editor panel-first-child panel-last-child\" data-index=\"2\" ><div\n\t\t\t\n\t\t\tclass=\"so-widget-sow-editor so-widget-sow-editor-base\"\n\t\t\t\n\t\t>\n<div class=\"siteorigin-widget-tinymce textwidget\">\n\t<h6>Folgende Leistungen k\u00f6nnen Sie allgemein in Anspruch nehmen:<\/h6>\n<ul>\n<li>Leistungen der Tages- oder Nachtpflege<\/li>\n<li>Leistungen der ambulanten Pflegedienste im Sinne des \u00a7 36, in den Pflegegraden 2 bis 5 jedoch nicht von Leistungen im Bereich der Selbstversorgung<\/li>\n<li>Leistungen der Tages- oder Nachtpflege<\/li>\n<\/ul>\n<p>&nbsp;<\/p>\n<\/div>\n<\/div><\/div><\/div><\/div><div id=\"pg-156-3\"  class=\"panel-grid panel-no-style\" ><div id=\"pgc-156-3-0\"  class=\"panel-grid-cell\" ><div id=\"panel-156-3-0-0\" class=\"so-panel widget widget_sow-editor panel-first-child panel-last-child\" data-index=\"3\" ><div\n\t\t\t\n\t\t\tclass=\"so-widget-sow-editor so-widget-sow-editor-base\"\n\t\t\t\n\t\t>\n<div class=\"siteorigin-widget-tinymce textwidget\">\n\t<p><strong>F\u00fcr den h\u00e4uslichen Verbleib bedeutet dies als \u00dcbernahme unsererseits:<\/strong><\/p>\n<ul>\n<li>Haushaltsreinigung<\/li>\n<li>Entlastungen pflegender Angeh\u00f6riger (auch st\u00fcndlich abzurechnen)<\/li>\n<li>Vermittlung und Unterst\u00fctzung pflegender Angeh\u00f6rige<\/li>\n<li>F\u00f6rderung von sozialen Kontakten<\/li>\n<\/ul>\n<\/div>\n<\/div><\/div><\/div><\/div><div id=\"pg-156-4\"  class=\"panel-grid panel-has-style\" ><div class=\"panel-row-style panel-row-style-for-156-4\" ><div id=\"pgc-156-4-0\"  class=\"panel-grid-cell panel-grid-cell-empty\" ><\/div><\/div><\/div><\/div>","protected":false},"excerpt":{"rendered":"<p>Betreuungs &#8211; und Entlastungsleistungen Wir stehen Ihnen auch \u00fcber einen l\u00e4ngeren Zeitraum zur Seite. Ganz gleich, welche Art von Unterst\u00fctzung oder Betreuung Sie ben\u00f6tigen, wir sind f\u00fcr Sie da. Immer stehen dabei Ihre W\u00fcnsche und die Entlastung der pflegenden Familienmitglieder im Mittelpunkt. Unsere Leistungen sind individuell auf Ihre Bed\u00fcrfnisse abgestimmt und sind eine ideale Erg\u00e4nzung &hellip;<\/p>\n","protected":false},"author":1,"featured_media":1050,"parent":116,"menu_order":0,"comment_status":"closed","ping_status":"closed","template":"","meta":{"_acf_changed":false,"footnotes":""},"class_list":{"0":"post-156","1":"page","2":"type-page","3":"status-publish","4":"has-post-thumbnail","6":"clearfix","7":"article"},"acf":[],"yoast_head":"<!-- This site is optimized with the Yoast SEO plugin v26.8 - https:\/\/yoast.com\/product\/yoast-seo-wordpress\/ -->\n<title>Betreuungs- und Entlastungsleistungen - Pflegeteam Silberspatz<\/title>\n<meta name=\"robots\" content=\"index, follow, max-snippet:-1, max-image-preview:large, max-video-preview:-1\" \/>\n<link rel=\"canonical\" href=\"https:\/\/pflegeteam-silberspatz.de\/?page_id=156\" \/>\n<meta property=\"og:locale\" content=\"de_DE\" \/>\n<meta property=\"og:type\" content=\"article\" \/>\n<meta property=\"og:title\" content=\"Betreuungs- und Entlastungsleistungen - Pflegeteam Silberspatz\" \/>\n<meta property=\"og:description\" content=\"Betreuungs - und Entlastungsleistungen Wir stehen Ihnen auch \u00fcber einen l\u00e4ngeren Zeitraum zur Seite. Ganz gleich, welche Art von Unterst\u00fctzung oder Betreuung Sie ben\u00f6tigen, wir sind f\u00fcr Sie da. Immer stehen dabei Ihre W\u00fcnsche und die Entlastung der pflegenden Familienmitglieder im Mittelpunkt. Unsere Leistungen sind individuell auf Ihre Bed\u00fcrfnisse abgestimmt und sind eine ideale Erg\u00e4nzung &hellip;\" \/>\n<meta property=\"og:url\" content=\"https:\/\/pflegeteam-silberspatz.de\/?page_id=156\" \/>\n<meta property=\"og:site_name\" content=\"Pflegeteam Silberspatz\" \/>\n<meta property=\"article:publisher\" content=\"https:\/\/www.facebook.com\/profile.php?id=100091576785869\" \/>\n<meta property=\"article:modified_time\" content=\"2023-07-16T17:50:58+00:00\" \/>\n<meta property=\"og:image\" content=\"https:\/\/pflegeteam-silberspatz.de\/wp-content\/uploads\/2023\/06\/Betreuungs-EntlastungsleistungPS.png\" \/>\n\t<meta property=\"og:image:width\" content=\"860\" \/>\n\t<meta property=\"og:image:height\" content=\"430\" \/>\n\t<meta property=\"og:image:type\" content=\"image\/png\" \/>\n<meta name=\"twitter:card\" content=\"summary_large_image\" \/>\n<meta name=\"twitter:label1\" content=\"Gesch\u00e4tzte Lesezeit\" \/>\n\t<meta name=\"twitter:data1\" content=\"2 Minuten\" \/>\n<script type=\"application\/ld+json\" class=\"yoast-schema-graph\">{\"@context\":\"https:\/\/schema.org\",\"@graph\":[{\"@type\":\"WebPage\",\"@id\":\"https:\/\/pflegeteam-silberspatz.de\/?page_id=156\",\"url\":\"https:\/\/pflegeteam-silberspatz.de\/?page_id=156\",\"name\":\"Betreuungs- und Entlastungsleistungen - Pflegeteam Silberspatz\",\"isPartOf\":{\"@id\":\"https:\/\/pflegeteam-silberspatz.de\/#website\"},\"primaryImageOfPage\":{\"@id\":\"https:\/\/pflegeteam-silberspatz.de\/?page_id=156#primaryimage\"},\"image\":{\"@id\":\"https:\/\/pflegeteam-silberspatz.de\/?page_id=156#primaryimage\"},\"thumbnailUrl\":\"https:\/\/pflegeteam-silberspatz.de\/wp-content\/uploads\/2023\/06\/Betreuungs-EntlastungsleistungPS.png\",\"datePublished\":\"2017-02-16T11:30:24+00:00\",\"dateModified\":\"2023-07-16T17:50:58+00:00\",\"breadcrumb\":{\"@id\":\"https:\/\/pflegeteam-silberspatz.de\/?page_id=156#breadcrumb\"},\"inLanguage\":\"de\",\"potentialAction\":[{\"@type\":\"ReadAction\",\"target\":[\"https:\/\/pflegeteam-silberspatz.de\/?page_id=156\"]}]},{\"@type\":\"ImageObject\",\"inLanguage\":\"de\",\"@id\":\"https:\/\/pflegeteam-silberspatz.de\/?page_id=156#primaryimage\",\"url\":\"https:\/\/pflegeteam-silberspatz.de\/wp-content\/uploads\/2023\/06\/Betreuungs-EntlastungsleistungPS.png\",\"contentUrl\":\"https:\/\/pflegeteam-silberspatz.de\/wp-content\/uploads\/2023\/06\/Betreuungs-EntlastungsleistungPS.png\",\"width\":860,\"height\":430},{\"@type\":\"BreadcrumbList\",\"@id\":\"https:\/\/pflegeteam-silberspatz.de\/?page_id=156#breadcrumb\",\"itemListElement\":[{\"@type\":\"ListItem\",\"position\":1,\"name\":\"Startseite\",\"item\":\"https:\/\/pflegeteam-silberspatz.de\/\"},{\"@type\":\"ListItem\",\"position\":2,\"name\":\"Unsere Leistungen\",\"item\":\"https:\/\/pflegeteam-silberspatz.de\/?page_id=116\"},{\"@type\":\"ListItem\",\"position\":3,\"name\":\"Betreuungs- und Entlastungsleistungen\"}]},{\"@type\":\"WebSite\",\"@id\":\"https:\/\/pflegeteam-silberspatz.de\/#website\",\"url\":\"https:\/\/pflegeteam-silberspatz.de\/\",\"name\":\"Pflegeteam Silberspatz GmbH - Der Spatz pflegt seinen Schatz.\",\"description\":\"Der Spatz pflegt seinen Schatz.\",\"publisher\":{\"@id\":\"https:\/\/pflegeteam-silberspatz.de\/#organization\"},\"potentialAction\":[{\"@type\":\"SearchAction\",\"target\":{\"@type\":\"EntryPoint\",\"urlTemplate\":\"https:\/\/pflegeteam-silberspatz.de\/?s={search_term_string}\"},\"query-input\":{\"@type\":\"PropertyValueSpecification\",\"valueRequired\":true,\"valueName\":\"search_term_string\"}}],\"inLanguage\":\"de\"},{\"@type\":\"Organization\",\"@id\":\"https:\/\/pflegeteam-silberspatz.de\/#organization\",\"name\":\"Pflegeteam Silberspatz GmbH - Der Spatz pflegt seinen Schatz.\",\"url\":\"https:\/\/pflegeteam-silberspatz.de\/\",\"logo\":{\"@type\":\"ImageObject\",\"inLanguage\":\"de\",\"@id\":\"https:\/\/pflegeteam-silberspatz.de\/#\/schema\/logo\/image\/\",\"url\":\"https:\/\/pflegeteam-silberspatz.de\/wp-content\/uploads\/2023\/04\/PflegeSpatz20233-e1685614471346.png\",\"contentUrl\":\"https:\/\/pflegeteam-silberspatz.de\/wp-content\/uploads\/2023\/04\/PflegeSpatz20233-e1685614471346.png\",\"width\":152,\"height\":107,\"caption\":\"Pflegeteam Silberspatz GmbH - Der Spatz pflegt seinen Schatz.\"},\"image\":{\"@id\":\"https:\/\/pflegeteam-silberspatz.de\/#\/schema\/logo\/image\/\"},\"sameAs\":[\"https:\/\/www.facebook.com\/profile.php?id=100091576785869\"]}]}<\/script>\n<!-- \/ Yoast SEO plugin. -->","yoast_head_json":{"title":"Betreuungs- und Entlastungsleistungen - Pflegeteam Silberspatz","robots":{"index":"index","follow":"follow","max-snippet":"max-snippet:-1","max-image-preview":"max-image-preview:large","max-video-preview":"max-video-preview:-1"},"canonical":"https:\/\/pflegeteam-silberspatz.de\/?page_id=156","og_locale":"de_DE","og_type":"article","og_title":"Betreuungs- und Entlastungsleistungen - Pflegeteam Silberspatz","og_description":"Betreuungs - und Entlastungsleistungen Wir stehen Ihnen auch \u00fcber einen l\u00e4ngeren Zeitraum zur Seite. Ganz gleich, welche Art von Unterst\u00fctzung oder Betreuung Sie ben\u00f6tigen, wir sind f\u00fcr Sie da. Immer stehen dabei Ihre W\u00fcnsche und die Entlastung der pflegenden Familienmitglieder im Mittelpunkt. Unsere Leistungen sind individuell auf Ihre Bed\u00fcrfnisse abgestimmt und sind eine ideale Erg\u00e4nzung &hellip;","og_url":"https:\/\/pflegeteam-silberspatz.de\/?page_id=156","og_site_name":"Pflegeteam Silberspatz","article_publisher":"https:\/\/www.facebook.com\/profile.php?id=100091576785869","article_modified_time":"2023-07-16T17:50:58+00:00","og_image":[{"width":860,"height":430,"url":"https:\/\/pflegeteam-silberspatz.de\/wp-content\/uploads\/2023\/06\/Betreuungs-EntlastungsleistungPS.png","type":"image\/png"}],"twitter_card":"summary_large_image","twitter_misc":{"Gesch\u00e4tzte Lesezeit":"2 Minuten"},"schema":{"@context":"https:\/\/schema.org","@graph":[{"@type":"WebPage","@id":"https:\/\/pflegeteam-silberspatz.de\/?page_id=156","url":"https:\/\/pflegeteam-silberspatz.de\/?page_id=156","name":"Betreuungs- und Entlastungsleistungen - Pflegeteam Silberspatz","isPartOf":{"@id":"https:\/\/pflegeteam-silberspatz.de\/#website"},"primaryImageOfPage":{"@id":"https:\/\/pflegeteam-silberspatz.de\/?page_id=156#primaryimage"},"image":{"@id":"https:\/\/pflegeteam-silberspatz.de\/?page_id=156#primaryimage"},"thumbnailUrl":"https:\/\/pflegeteam-silberspatz.de\/wp-content\/uploads\/2023\/06\/Betreuungs-EntlastungsleistungPS.png","datePublished":"2017-02-16T11:30:24+00:00","dateModified":"2023-07-16T17:50:58+00:00","breadcrumb":{"@id":"https:\/\/pflegeteam-silberspatz.de\/?page_id=156#breadcrumb"},"inLanguage":"de","potentialAction":[{"@type":"ReadAction","target":["https:\/\/pflegeteam-silberspatz.de\/?page_id=156"]}]},{"@type":"ImageObject","inLanguage":"de","@id":"https:\/\/pflegeteam-silberspatz.de\/?page_id=156#primaryimage","url":"https:\/\/pflegeteam-silberspatz.de\/wp-content\/uploads\/2023\/06\/Betreuungs-EntlastungsleistungPS.png","contentUrl":"https:\/\/pflegeteam-silberspatz.de\/wp-content\/uploads\/2023\/06\/Betreuungs-EntlastungsleistungPS.png","width":860,"height":430},{"@type":"BreadcrumbList","@id":"https:\/\/pflegeteam-silberspatz.de\/?page_id=156#breadcrumb","itemListElement":[{"@type":"ListItem","position":1,"name":"Startseite","item":"https:\/\/pflegeteam-silberspatz.de\/"},{"@type":"ListItem","position":2,"name":"Unsere Leistungen","item":"https:\/\/pflegeteam-silberspatz.de\/?page_id=116"},{"@type":"ListItem","position":3,"name":"Betreuungs- und Entlastungsleistungen"}]},{"@type":"WebSite","@id":"https:\/\/pflegeteam-silberspatz.de\/#website","url":"https:\/\/pflegeteam-silberspatz.de\/","name":"Pflegeteam Silberspatz GmbH - Der Spatz pflegt seinen Schatz.","description":"Der Spatz pflegt seinen Schatz.","publisher":{"@id":"https:\/\/pflegeteam-silberspatz.de\/#organization"},"potentialAction":[{"@type":"SearchAction","target":{"@type":"EntryPoint","urlTemplate":"https:\/\/pflegeteam-silberspatz.de\/?s={search_term_string}"},"query-input":{"@type":"PropertyValueSpecification","valueRequired":true,"valueName":"search_term_string"}}],"inLanguage":"de"},{"@type":"Organization","@id":"https:\/\/pflegeteam-silberspatz.de\/#organization","name":"Pflegeteam Silberspatz GmbH - Der Spatz pflegt seinen Schatz.","url":"https:\/\/pflegeteam-silberspatz.de\/","logo":{"@type":"ImageObject","inLanguage":"de","@id":"https:\/\/pflegeteam-silberspatz.de\/#\/schema\/logo\/image\/","url":"https:\/\/pflegeteam-silberspatz.de\/wp-content\/uploads\/2023\/04\/PflegeSpatz20233-e1685614471346.png","contentUrl":"https:\/\/pflegeteam-silberspatz.de\/wp-content\/uploads\/2023\/04\/PflegeSpatz20233-e1685614471346.png","width":152,"height":107,"caption":"Pflegeteam Silberspatz GmbH - Der Spatz pflegt seinen Schatz."},"image":{"@id":"https:\/\/pflegeteam-silberspatz.de\/#\/schema\/logo\/image\/"},"sameAs":["https:\/\/www.facebook.com\/profile.php?id=100091576785869"]}]}},"_links":{"self":[{"href":"https:\/\/pflegeteam-silberspatz.de\/index.php?rest_route=\/wp\/v2\/pages\/156","targetHints":{"allow":["GET"]}}],"collection":[{"href":"https:\/\/pflegeteam-silberspatz.de\/index.php?rest_route=\/wp\/v2\/pages"}],"about":[{"href":"https:\/\/pflegeteam-silberspatz.de\/index.php?rest_route=\/wp\/v2\/types\/page"}],"author":[{"embeddable":true,"href":"https:\/\/pflegeteam-silberspatz.de\/index.php?rest_route=\/wp\/v2\/users\/1"}],"replies":[{"embeddable":true,"href":"https:\/\/pflegeteam-silberspatz.de\/index.php?rest_route=%2Fwp%2Fv2%2Fcomments&post=156"}],"version-history":[{"count":9,"href":"https:\/\/pflegeteam-silberspatz.de\/index.php?rest_route=\/wp\/v2\/pages\/156\/revisions"}],"predecessor-version":[{"id":1276,"href":"https:\/\/pflegeteam-silberspatz.de\/index.php?rest_route=\/wp\/v2\/pages\/156\/revisions\/1276"}],"up":[{"embeddable":true,"href":"https:\/\/pflegeteam-silberspatz.de\/index.php?rest_route=\/wp\/v2\/pages\/116"}],"wp:featuredmedia":[{"embeddable":true,"href":"https:\/\/pflegeteam-silberspatz.de\/index.php?rest_route=\/wp\/v2\/media\/1050"}],"wp:attachment":[{"href":"https:\/\/pflegeteam-silberspatz.de\/index.php?rest_route=%2Fwp%2Fv2%2Fmedia&parent=156"}],"curies":[{"name":"wp","href":"https:\/\/api.w.org\/{rel}","templated":true}]}}