{"id":307,"date":"2017-02-17T09:25:58","date_gmt":"2017-02-17T09:25:58","guid":{"rendered":"https:\/\/xml-io.proteusthemes.com\/medicpress\/?page_id=307"},"modified":"2023-07-08T21:48:03","modified_gmt":"2023-07-08T21:48:03","slug":"surgery-and-radiology","status":"publish","type":"page","link":"https:\/\/pflegeteam-silberspatz.de\/?page_id=307","title":{"rendered":"Grundpflege"},"content":{"rendered":"<div id=\"pl-307\"  class=\"panel-layout\" ><div id=\"pg-307-0\"  class=\"panel-grid panel-no-style\" ><div id=\"pgc-307-0-0\"  class=\"panel-grid-cell\" ><div id=\"panel-307-0-0-0\" class=\"so-panel widget widget_sow-editor panel-first-child panel-last-child\" data-index=\"0\" ><div\n\t\t\t\n\t\t\tclass=\"so-widget-sow-editor so-widget-sow-editor-base\"\n\t\t\t\n\t\t>\n<div class=\"siteorigin-widget-tinymce textwidget\">\n\t<p>Grundpflege<\/p>\n<ul>\n<li><span class=\"elementor-icon-list-text\">Hilfe bei der K\u00f6rpferpflege (Waschen, Baden, Anziehen)<\/span><\/li>\n<li><span class=\"elementor-icon-list-text\">Hilfe bei der NahrungsaufnahmenHilfe bei der Mobilisierung<\/span><\/li>\n<li><span class=\"elementor-icon-list-text\">Hilfe beim Toilettengang<\/span><\/li>\n<li><span class=\"elementor-icon-list-text\">Hilfe bei der hauswirtschaftlichen Versorgung<\/span><\/li>\n<\/ul>\n<div class=\"elementor-column elementor-col-100 elementor-inner-column elementor-element elementor-element-7f677553\" data-id=\"7f677553\" data-element_type=\"column\">\n<div class=\"elementor-widget-wrap elementor-element-populated\">\n<div class=\"elementor-element elementor-element-d190892 elementor-widget elementor-widget-text-editor\" data-id=\"d190892\" data-element_type=\"widget\" data-widget_type=\"text-editor.default\">\n<div class=\"elementor-widget-container\">Hier sind Sie in den besten H\u00e4nden! Es ist uns ein Anliegen, den Alltag f\u00fcr Patienten und<br \/>\nAngeh\u00f6rige zu erleichtern.<\/div>\n<div class=\"elementor-widget-container\">\nJedes Menschenleben kann zu einer Pflegebed\u00fcrftigkeit f\u00fchren. Ob f\u00fcr einen kurzen oder langen<br \/>\nZeitraum, ob durch einen Unfall oder das Alter, wir unterst\u00fctzen unsere Patienten bei allen<br \/>\nk\u00f6rperlichen Belangen. Die Grundpflege umfasst die Unterst\u00fctzung unserer Patienten bei der<br \/>\nK\u00f6rperpflege, beim Toilettengang, beim An- und Auskleiden sowie bei der Einnahme von<br \/>\nMahlzeiten.<\/div>\n<\/div>\n<\/div>\n<\/div>\n<p>&nbsp;<\/p>\n<p>&nbsp;<\/p>\n<\/div>\n<\/div><\/div><\/div><\/div><div id=\"pg-307-1\"  class=\"panel-grid panel-no-style\" ><div id=\"pgc-307-1-0\"  class=\"panel-grid-cell\" ><div id=\"panel-307-1-0-0\" class=\"so-panel widget widget_sow-editor panel-first-child panel-last-child\" data-index=\"1\" ><div\n\t\t\t\n\t\t\tclass=\"so-widget-sow-editor so-widget-sow-editor-base\"\n\t\t\t\n\t\t>\n<div class=\"siteorigin-widget-tinymce textwidget\">\n\t<p><img fetchpriority=\"high\" fetchpriority=\"high\" decoding=\"async\" class=\"alignnone wp-image-1014\" src=\"https:\/\/pflegeteam-silberspatz.de\/wp-content\/uploads\/2023\/06\/grundpflegeps-300x150.png\" alt=\"\" width=\"860\" height=\"430\" srcset=\"https:\/\/pflegeteam-silberspatz.de\/wp-content\/uploads\/2023\/06\/grundpflegeps-300x150.png 300w, https:\/\/pflegeteam-silberspatz.de\/wp-content\/uploads\/2023\/06\/grundpflegeps-768x384.png 768w, https:\/\/pflegeteam-silberspatz.de\/wp-content\/uploads\/2023\/06\/grundpflegeps-350x175.png 350w, https:\/\/pflegeteam-silberspatz.de\/wp-content\/uploads\/2023\/06\/grundpflegeps.png 860w\" sizes=\"(max-width: 860px) 100vw, 860px\" \/><\/p>\n<p>&nbsp;<\/p>\n<\/div>\n<\/div><\/div><\/div><\/div><\/div>","protected":false},"excerpt":{"rendered":"<p>Grundpflege Hilfe bei der K\u00f6rpferpflege (Waschen, Baden, Anziehen) Hilfe bei der NahrungsaufnahmenHilfe bei der Mobilisierung Hilfe beim Toilettengang Hilfe bei der hauswirtschaftlichen Versorgung Hier sind Sie in den besten H\u00e4nden! Es ist uns ein Anliegen, den Alltag f\u00fcr Patienten und Angeh\u00f6rige zu erleichtern. Jedes Menschenleben kann zu einer Pflegebed\u00fcrftigkeit f\u00fchren. Ob f\u00fcr einen kurzen oder &hellip;<\/p>\n","protected":false},"author":1,"featured_media":1014,"parent":116,"menu_order":0,"comment_status":"closed","ping_status":"closed","template":"","meta":{"_acf_changed":false,"footnotes":""},"class_list":{"0":"post-307","1":"page","2":"type-page","3":"status-publish","4":"has-post-thumbnail","6":"clearfix","7":"article"},"acf":[],"yoast_head":"<!-- This site is optimized with the Yoast SEO plugin v26.8 - https:\/\/yoast.com\/product\/yoast-seo-wordpress\/ -->\n<title>Grundpflege - Pflegeteam Silberspatz<\/title>\n<meta name=\"robots\" content=\"index, follow, max-snippet:-1, max-image-preview:large, max-video-preview:-1\" \/>\n<link rel=\"canonical\" href=\"https:\/\/pflegeteam-silberspatz.de\/?page_id=307\" \/>\n<meta property=\"og:locale\" content=\"de_DE\" \/>\n<meta property=\"og:type\" content=\"article\" \/>\n<meta property=\"og:title\" content=\"Grundpflege - Pflegeteam Silberspatz\" \/>\n<meta property=\"og:description\" content=\"Grundpflege Hilfe bei der K\u00f6rpferpflege (Waschen, Baden, Anziehen) Hilfe bei der NahrungsaufnahmenHilfe bei der Mobilisierung Hilfe beim Toilettengang Hilfe bei der hauswirtschaftlichen Versorgung Hier sind Sie in den besten H\u00e4nden! Es ist uns ein Anliegen, den Alltag f\u00fcr Patienten und Angeh\u00f6rige zu erleichtern. Jedes Menschenleben kann zu einer Pflegebed\u00fcrftigkeit f\u00fchren. Ob f\u00fcr einen kurzen oder &hellip;\" \/>\n<meta property=\"og:url\" content=\"https:\/\/pflegeteam-silberspatz.de\/?page_id=307\" \/>\n<meta property=\"og:site_name\" content=\"Pflegeteam Silberspatz\" \/>\n<meta property=\"article:publisher\" content=\"https:\/\/www.facebook.com\/profile.php?id=100091576785869\" \/>\n<meta property=\"article:modified_time\" content=\"2023-07-08T21:48:03+00:00\" \/>\n<meta property=\"og:image\" content=\"https:\/\/pflegeteam-silberspatz.de\/wp-content\/uploads\/2023\/06\/grundpflegeps.png\" \/>\n\t<meta property=\"og:image:width\" content=\"860\" \/>\n\t<meta property=\"og:image:height\" content=\"430\" \/>\n\t<meta property=\"og:image:type\" content=\"image\/png\" \/>\n<meta name=\"twitter:card\" content=\"summary_large_image\" \/>\n<meta name=\"twitter:label1\" content=\"Gesch\u00e4tzte Lesezeit\" \/>\n\t<meta name=\"twitter:data1\" content=\"1 Minute\" \/>\n<script type=\"application\/ld+json\" class=\"yoast-schema-graph\">{\"@context\":\"https:\/\/schema.org\",\"@graph\":[{\"@type\":\"WebPage\",\"@id\":\"https:\/\/pflegeteam-silberspatz.de\/?page_id=307\",\"url\":\"https:\/\/pflegeteam-silberspatz.de\/?page_id=307\",\"name\":\"Grundpflege - Pflegeteam Silberspatz\",\"isPartOf\":{\"@id\":\"https:\/\/pflegeteam-silberspatz.de\/#website\"},\"primaryImageOfPage\":{\"@id\":\"https:\/\/pflegeteam-silberspatz.de\/?page_id=307#primaryimage\"},\"image\":{\"@id\":\"https:\/\/pflegeteam-silberspatz.de\/?page_id=307#primaryimage\"},\"thumbnailUrl\":\"https:\/\/pflegeteam-silberspatz.de\/wp-content\/uploads\/2023\/06\/grundpflegeps.png\",\"datePublished\":\"2017-02-17T09:25:58+00:00\",\"dateModified\":\"2023-07-08T21:48:03+00:00\",\"breadcrumb\":{\"@id\":\"https:\/\/pflegeteam-silberspatz.de\/?page_id=307#breadcrumb\"},\"inLanguage\":\"de\",\"potentialAction\":[{\"@type\":\"ReadAction\",\"target\":[\"https:\/\/pflegeteam-silberspatz.de\/?page_id=307\"]}]},{\"@type\":\"ImageObject\",\"inLanguage\":\"de\",\"@id\":\"https:\/\/pflegeteam-silberspatz.de\/?page_id=307#primaryimage\",\"url\":\"https:\/\/pflegeteam-silberspatz.de\/wp-content\/uploads\/2023\/06\/grundpflegeps.png\",\"contentUrl\":\"https:\/\/pflegeteam-silberspatz.de\/wp-content\/uploads\/2023\/06\/grundpflegeps.png\",\"width\":860,\"height\":430},{\"@type\":\"BreadcrumbList\",\"@id\":\"https:\/\/pflegeteam-silberspatz.de\/?page_id=307#breadcrumb\",\"itemListElement\":[{\"@type\":\"ListItem\",\"position\":1,\"name\":\"Startseite\",\"item\":\"https:\/\/pflegeteam-silberspatz.de\/\"},{\"@type\":\"ListItem\",\"position\":2,\"name\":\"Unsere Leistungen\",\"item\":\"https:\/\/pflegeteam-silberspatz.de\/?page_id=116\"},{\"@type\":\"ListItem\",\"position\":3,\"name\":\"Grundpflege\"}]},{\"@type\":\"WebSite\",\"@id\":\"https:\/\/pflegeteam-silberspatz.de\/#website\",\"url\":\"https:\/\/pflegeteam-silberspatz.de\/\",\"name\":\"Pflegeteam Silberspatz GmbH - Der Spatz pflegt seinen Schatz.\",\"description\":\"Der Spatz pflegt seinen Schatz.\",\"publisher\":{\"@id\":\"https:\/\/pflegeteam-silberspatz.de\/#organization\"},\"potentialAction\":[{\"@type\":\"SearchAction\",\"target\":{\"@type\":\"EntryPoint\",\"urlTemplate\":\"https:\/\/pflegeteam-silberspatz.de\/?s={search_term_string}\"},\"query-input\":{\"@type\":\"PropertyValueSpecification\",\"valueRequired\":true,\"valueName\":\"search_term_string\"}}],\"inLanguage\":\"de\"},{\"@type\":\"Organization\",\"@id\":\"https:\/\/pflegeteam-silberspatz.de\/#organization\",\"name\":\"Pflegeteam Silberspatz GmbH - Der Spatz pflegt seinen Schatz.\",\"url\":\"https:\/\/pflegeteam-silberspatz.de\/\",\"logo\":{\"@type\":\"ImageObject\",\"inLanguage\":\"de\",\"@id\":\"https:\/\/pflegeteam-silberspatz.de\/#\/schema\/logo\/image\/\",\"url\":\"https:\/\/pflegeteam-silberspatz.de\/wp-content\/uploads\/2023\/04\/PflegeSpatz20233-e1685614471346.png\",\"contentUrl\":\"https:\/\/pflegeteam-silberspatz.de\/wp-content\/uploads\/2023\/04\/PflegeSpatz20233-e1685614471346.png\",\"width\":152,\"height\":107,\"caption\":\"Pflegeteam Silberspatz GmbH - Der Spatz pflegt seinen Schatz.\"},\"image\":{\"@id\":\"https:\/\/pflegeteam-silberspatz.de\/#\/schema\/logo\/image\/\"},\"sameAs\":[\"https:\/\/www.facebook.com\/profile.php?id=100091576785869\"]}]}<\/script>\n<!-- \/ Yoast SEO plugin. -->","yoast_head_json":{"title":"Grundpflege - Pflegeteam Silberspatz","robots":{"index":"index","follow":"follow","max-snippet":"max-snippet:-1","max-image-preview":"max-image-preview:large","max-video-preview":"max-video-preview:-1"},"canonical":"https:\/\/pflegeteam-silberspatz.de\/?page_id=307","og_locale":"de_DE","og_type":"article","og_title":"Grundpflege - Pflegeteam Silberspatz","og_description":"Grundpflege Hilfe bei der K\u00f6rpferpflege (Waschen, Baden, Anziehen) Hilfe bei der NahrungsaufnahmenHilfe bei der Mobilisierung Hilfe beim Toilettengang Hilfe bei der hauswirtschaftlichen Versorgung Hier sind Sie in den besten H\u00e4nden! Es ist uns ein Anliegen, den Alltag f\u00fcr Patienten und Angeh\u00f6rige zu erleichtern. Jedes Menschenleben kann zu einer Pflegebed\u00fcrftigkeit f\u00fchren. Ob f\u00fcr einen kurzen oder &hellip;","og_url":"https:\/\/pflegeteam-silberspatz.de\/?page_id=307","og_site_name":"Pflegeteam Silberspatz","article_publisher":"https:\/\/www.facebook.com\/profile.php?id=100091576785869","article_modified_time":"2023-07-08T21:48:03+00:00","og_image":[{"width":860,"height":430,"url":"https:\/\/pflegeteam-silberspatz.de\/wp-content\/uploads\/2023\/06\/grundpflegeps.png","type":"image\/png"}],"twitter_card":"summary_large_image","twitter_misc":{"Gesch\u00e4tzte Lesezeit":"1 Minute"},"schema":{"@context":"https:\/\/schema.org","@graph":[{"@type":"WebPage","@id":"https:\/\/pflegeteam-silberspatz.de\/?page_id=307","url":"https:\/\/pflegeteam-silberspatz.de\/?page_id=307","name":"Grundpflege - Pflegeteam Silberspatz","isPartOf":{"@id":"https:\/\/pflegeteam-silberspatz.de\/#website"},"primaryImageOfPage":{"@id":"https:\/\/pflegeteam-silberspatz.de\/?page_id=307#primaryimage"},"image":{"@id":"https:\/\/pflegeteam-silberspatz.de\/?page_id=307#primaryimage"},"thumbnailUrl":"https:\/\/pflegeteam-silberspatz.de\/wp-content\/uploads\/2023\/06\/grundpflegeps.png","datePublished":"2017-02-17T09:25:58+00:00","dateModified":"2023-07-08T21:48:03+00:00","breadcrumb":{"@id":"https:\/\/pflegeteam-silberspatz.de\/?page_id=307#breadcrumb"},"inLanguage":"de","potentialAction":[{"@type":"ReadAction","target":["https:\/\/pflegeteam-silberspatz.de\/?page_id=307"]}]},{"@type":"ImageObject","inLanguage":"de","@id":"https:\/\/pflegeteam-silberspatz.de\/?page_id=307#primaryimage","url":"https:\/\/pflegeteam-silberspatz.de\/wp-content\/uploads\/2023\/06\/grundpflegeps.png","contentUrl":"https:\/\/pflegeteam-silberspatz.de\/wp-content\/uploads\/2023\/06\/grundpflegeps.png","width":860,"height":430},{"@type":"BreadcrumbList","@id":"https:\/\/pflegeteam-silberspatz.de\/?page_id=307#breadcrumb","itemListElement":[{"@type":"ListItem","position":1,"name":"Startseite","item":"https:\/\/pflegeteam-silberspatz.de\/"},{"@type":"ListItem","position":2,"name":"Unsere Leistungen","item":"https:\/\/pflegeteam-silberspatz.de\/?page_id=116"},{"@type":"ListItem","position":3,"name":"Grundpflege"}]},{"@type":"WebSite","@id":"https:\/\/pflegeteam-silberspatz.de\/#website","url":"https:\/\/pflegeteam-silberspatz.de\/","name":"Pflegeteam Silberspatz GmbH - Der Spatz pflegt seinen Schatz.","description":"Der Spatz pflegt seinen Schatz.","publisher":{"@id":"https:\/\/pflegeteam-silberspatz.de\/#organization"},"potentialAction":[{"@type":"SearchAction","target":{"@type":"EntryPoint","urlTemplate":"https:\/\/pflegeteam-silberspatz.de\/?s={search_term_string}"},"query-input":{"@type":"PropertyValueSpecification","valueRequired":true,"valueName":"search_term_string"}}],"inLanguage":"de"},{"@type":"Organization","@id":"https:\/\/pflegeteam-silberspatz.de\/#organization","name":"Pflegeteam Silberspatz GmbH - Der Spatz pflegt seinen Schatz.","url":"https:\/\/pflegeteam-silberspatz.de\/","logo":{"@type":"ImageObject","inLanguage":"de","@id":"https:\/\/pflegeteam-silberspatz.de\/#\/schema\/logo\/image\/","url":"https:\/\/pflegeteam-silberspatz.de\/wp-content\/uploads\/2023\/04\/PflegeSpatz20233-e1685614471346.png","contentUrl":"https:\/\/pflegeteam-silberspatz.de\/wp-content\/uploads\/2023\/04\/PflegeSpatz20233-e1685614471346.png","width":152,"height":107,"caption":"Pflegeteam Silberspatz GmbH - Der Spatz pflegt seinen Schatz."},"image":{"@id":"https:\/\/pflegeteam-silberspatz.de\/#\/schema\/logo\/image\/"},"sameAs":["https:\/\/www.facebook.com\/profile.php?id=100091576785869"]}]}},"_links":{"self":[{"href":"https:\/\/pflegeteam-silberspatz.de\/index.php?rest_route=\/wp\/v2\/pages\/307","targetHints":{"allow":["GET"]}}],"collection":[{"href":"https:\/\/pflegeteam-silberspatz.de\/index.php?rest_route=\/wp\/v2\/pages"}],"about":[{"href":"https:\/\/pflegeteam-silberspatz.de\/index.php?rest_route=\/wp\/v2\/types\/page"}],"author":[{"embeddable":true,"href":"https:\/\/pflegeteam-silberspatz.de\/index.php?rest_route=\/wp\/v2\/users\/1"}],"replies":[{"embeddable":true,"href":"https:\/\/pflegeteam-silberspatz.de\/index.php?rest_route=%2Fwp%2Fv2%2Fcomments&post=307"}],"version-history":[{"count":16,"href":"https:\/\/pflegeteam-silberspatz.de\/index.php?rest_route=\/wp\/v2\/pages\/307\/revisions"}],"predecessor-version":[{"id":1231,"href":"https:\/\/pflegeteam-silberspatz.de\/index.php?rest_route=\/wp\/v2\/pages\/307\/revisions\/1231"}],"up":[{"embeddable":true,"href":"https:\/\/pflegeteam-silberspatz.de\/index.php?rest_route=\/wp\/v2\/pages\/116"}],"wp:featuredmedia":[{"embeddable":true,"href":"https:\/\/pflegeteam-silberspatz.de\/index.php?rest_route=\/wp\/v2\/media\/1014"}],"wp:attachment":[{"href":"https:\/\/pflegeteam-silberspatz.de\/index.php?rest_route=%2Fwp%2Fv2%2Fmedia&parent=307"}],"curies":[{"name":"wp","href":"https:\/\/api.w.org\/{rel}","templated":true}]}}